{"id":1069,"date":"2019-02-24T19:19:59","date_gmt":"2019-02-24T19:19:59","guid":{"rendered":"http:\/\/www.aradiovi.hu\/?page_id=1069"},"modified":"2019-02-27T17:30:05","modified_gmt":"2019-02-27T17:30:05","slug":"farsang","status":"publish","type":"page","link":"https:\/\/aradiovi.hu\/?page_id=1069","title":{"rendered":"Farsang"},"content":{"rendered":"<p>Kisvakond csoport<\/p>\n<p><a href=\"http:\/\/www.aradiovi.hu\/wp-content\/uploads\/2019\/02\/IMG_0767jo.jpg\"><img loading=\"lazy\" decoding=\"async\" class=\"aligncenter size-large wp-image-1071\" src=\"http:\/\/www.aradiovi.hu\/wp-content\/uploads\/2019\/02\/IMG_0767jo-1024x768.jpg\" alt=\"\" width=\"720\" height=\"540\" srcset=\"https:\/\/aradiovi.hu\/wp-content\/uploads\/2019\/02\/IMG_0767jo-1024x768.jpg 1024w, https:\/\/aradiovi.hu\/wp-content\/uploads\/2019\/02\/IMG_0767jo-300x225.jpg 300w, https:\/\/aradiovi.hu\/wp-content\/uploads\/2019\/02\/IMG_0767jo-768x576.jpg 768w\" sizes=\"auto, (max-width: 720px) 100vw, 720px\" \/><\/a> <a href=\"http:\/\/www.aradiovi.hu\/wp-content\/uploads\/2019\/02\/IMG_0910jo.jpg\"><img loading=\"lazy\" decoding=\"async\" class=\"aligncenter size-large wp-image-1072\" src=\"http:\/\/www.aradiovi.hu\/wp-content\/uploads\/2019\/02\/IMG_0910jo-1024x768.jpg\" alt=\"\" width=\"720\" height=\"540\" srcset=\"https:\/\/aradiovi.hu\/wp-content\/uploads\/2019\/02\/IMG_0910jo-1024x768.jpg 1024w, https:\/\/aradiovi.hu\/wp-content\/uploads\/2019\/02\/IMG_0910jo-300x225.jpg 300w, https:\/\/aradiovi.hu\/wp-content\/uploads\/2019\/02\/IMG_0910jo-768x576.jpg 768w\" sizes=\"auto, (max-width: 720px) 100vw, 720px\" \/><\/a> <a href=\"http:\/\/www.aradiovi.hu\/wp-content\/uploads\/2019\/02\/IMG_0938.jpg\"><img loading=\"lazy\" decoding=\"async\" class=\"aligncenter size-large wp-image-1073\" src=\"http:\/\/www.aradiovi.hu\/wp-content\/uploads\/2019\/02\/IMG_0938-1024x683.jpg\" alt=\"\" width=\"720\" height=\"480\" srcset=\"https:\/\/aradiovi.hu\/wp-content\/uploads\/2019\/02\/IMG_0938-1024x683.jpg 1024w, https:\/\/aradiovi.hu\/wp-content\/uploads\/2019\/02\/IMG_0938-300x200.jpg 300w, https:\/\/aradiovi.hu\/wp-content\/uploads\/2019\/02\/IMG_0938-768x512.jpg 768w\" sizes=\"auto, (max-width: 720px) 100vw, 720px\" \/><\/a> <a href=\"http:\/\/www.aradiovi.hu\/wp-content\/uploads\/2019\/02\/IMG_0939.jpg\"><img loading=\"lazy\" decoding=\"async\" class=\"aligncenter size-large wp-image-1074\" src=\"http:\/\/www.aradiovi.hu\/wp-content\/uploads\/2019\/02\/IMG_0939-683x1024.jpg\" alt=\"\" width=\"683\" height=\"1024\" srcset=\"https:\/\/aradiovi.hu\/wp-content\/uploads\/2019\/02\/IMG_0939-683x1024.jpg 683w, https:\/\/aradiovi.hu\/wp-content\/uploads\/2019\/02\/IMG_0939-200x300.jpg 200w, https:\/\/aradiovi.hu\/wp-content\/uploads\/2019\/02\/IMG_0939-768x1152.jpg 768w\" sizes=\"auto, (max-width: 683px) 100vw, 683px\" \/><\/a><\/p>\n<p>&nbsp;<\/p>\n<p>Sz\u00e1zl\u00e1b\u00fa csoport<\/p>\n<p><a href=\"http:\/\/www.aradiovi.hu\/wp-content\/uploads\/2019\/02\/1.jpg\"><img loading=\"lazy\" decoding=\"async\" class=\"aligncenter size-full wp-image-1077\" src=\"http:\/\/www.aradiovi.hu\/wp-content\/uploads\/2019\/02\/1.jpg\" alt=\"\" width=\"714\" height=\"960\" srcset=\"https:\/\/aradiovi.hu\/wp-content\/uploads\/2019\/02\/1.jpg 714w, https:\/\/aradiovi.hu\/wp-content\/uploads\/2019\/02\/1-223x300.jpg 223w\" sizes=\"auto, (max-width: 714px) 100vw, 714px\" \/><\/a> <a href=\"http:\/\/www.aradiovi.hu\/wp-content\/uploads\/2019\/02\/2.jpg\"><img loading=\"lazy\" decoding=\"async\" class=\"aligncenter size-large wp-image-1078\" src=\"http:\/\/www.aradiovi.hu\/wp-content\/uploads\/2019\/02\/2.jpg\" alt=\"\" width=\"714\" height=\"960\" srcset=\"https:\/\/aradiovi.hu\/wp-content\/uploads\/2019\/02\/2.jpg 714w, https:\/\/aradiovi.hu\/wp-content\/uploads\/2019\/02\/2-223x300.jpg 223w\" sizes=\"auto, (max-width: 714px) 100vw, 714px\" \/><\/a> <a href=\"http:\/\/www.aradiovi.hu\/wp-content\/uploads\/2019\/02\/3.jpg\"><img loading=\"lazy\" decoding=\"async\" class=\"aligncenter size-large wp-image-1079\" src=\"http:\/\/www.aradiovi.hu\/wp-content\/uploads\/2019\/02\/3.jpg\" alt=\"\" width=\"714\" height=\"960\" srcset=\"https:\/\/aradiovi.hu\/wp-content\/uploads\/2019\/02\/3.jpg 714w, https:\/\/aradiovi.hu\/wp-content\/uploads\/2019\/02\/3-223x300.jpg 223w\" sizes=\"auto, (max-width: 714px) 100vw, 714px\" \/><\/a> <a href=\"http:\/\/www.aradiovi.hu\/wp-content\/uploads\/2019\/02\/4.jpg\"><img loading=\"lazy\" decoding=\"async\" class=\"aligncenter size-large wp-image-1080\" src=\"http:\/\/www.aradiovi.hu\/wp-content\/uploads\/2019\/02\/4.jpg\" alt=\"\" width=\"714\" height=\"960\" srcset=\"https:\/\/aradiovi.hu\/wp-content\/uploads\/2019\/02\/4.jpg 714w, https:\/\/aradiovi.hu\/wp-content\/uploads\/2019\/02\/4-223x300.jpg 223w\" sizes=\"auto, (max-width: 714px) 100vw, 714px\" \/><\/a> <a href=\"http:\/\/www.aradiovi.hu\/wp-content\/uploads\/2019\/02\/5.jpg\"><img loading=\"lazy\" decoding=\"async\" class=\"aligncenter size-large wp-image-1081\" src=\"http:\/\/www.aradiovi.hu\/wp-content\/uploads\/2019\/02\/5.jpg\" alt=\"\" width=\"714\" height=\"960\" srcset=\"https:\/\/aradiovi.hu\/wp-content\/uploads\/2019\/02\/5.jpg 714w, https:\/\/aradiovi.hu\/wp-content\/uploads\/2019\/02\/5-223x300.jpg 223w\" sizes=\"auto, (max-width: 714px) 100vw, 714px\" \/><\/a><\/p>\n<p>&nbsp;<\/p>\n<p>Hintapaci csoport<\/p>\n<p><a href=\"http:\/\/www.aradiovi.hu\/wp-content\/uploads\/2019\/02\/1-1.jpg\"><img loading=\"lazy\" decoding=\"async\" class=\"aligncenter size-medium wp-image-1115\" src=\"http:\/\/www.aradiovi.hu\/wp-content\/uploads\/2019\/02\/1-1-300x225.jpg\" alt=\"\" width=\"300\" height=\"225\" srcset=\"https:\/\/aradiovi.hu\/wp-content\/uploads\/2019\/02\/1-1-300x225.jpg 300w, https:\/\/aradiovi.hu\/wp-content\/uploads\/2019\/02\/1-1-768x576.jpg 768w, https:\/\/aradiovi.hu\/wp-content\/uploads\/2019\/02\/1-1-1024x768.jpg 1024w\" sizes=\"auto, (max-width: 300px) 100vw, 300px\" \/><\/a> <a href=\"http:\/\/www.aradiovi.hu\/wp-content\/uploads\/2019\/02\/2-1.jpg\"><img loading=\"lazy\" decoding=\"async\" class=\"aligncenter size-medium wp-image-1116\" src=\"http:\/\/www.aradiovi.hu\/wp-content\/uploads\/2019\/02\/2-1-300x225.jpg\" alt=\"\" width=\"300\" height=\"225\" srcset=\"https:\/\/aradiovi.hu\/wp-content\/uploads\/2019\/02\/2-1-300x225.jpg 300w, https:\/\/aradiovi.hu\/wp-content\/uploads\/2019\/02\/2-1-768x576.jpg 768w, https:\/\/aradiovi.hu\/wp-content\/uploads\/2019\/02\/2-1-1024x768.jpg 1024w\" sizes=\"auto, (max-width: 300px) 100vw, 300px\" \/><\/a> <a href=\"http:\/\/www.aradiovi.hu\/wp-content\/uploads\/2019\/02\/52788320_1218123811645010_5781911692866748416_n.jpg\"><img loading=\"lazy\" decoding=\"async\" class=\"aligncenter size-medium wp-image-1117\" src=\"http:\/\/www.aradiovi.hu\/wp-content\/uploads\/2019\/02\/52788320_1218123811645010_5781911692866748416_n-225x300.jpg\" alt=\"\" width=\"225\" height=\"300\" srcset=\"https:\/\/aradiovi.hu\/wp-content\/uploads\/2019\/02\/52788320_1218123811645010_5781911692866748416_n-225x300.jpg 225w, https:\/\/aradiovi.hu\/wp-content\/uploads\/2019\/02\/52788320_1218123811645010_5781911692866748416_n-768x1024.jpg 768w\" sizes=\"auto, (max-width: 225px) 100vw, 225px\" \/><\/a> <a href=\"http:\/\/www.aradiovi.hu\/wp-content\/uploads\/2019\/02\/52813248_347319782785763_8387619882644013056_n.jpg\"><img loading=\"lazy\" decoding=\"async\" class=\"aligncenter size-medium wp-image-1118\" src=\"http:\/\/www.aradiovi.hu\/wp-content\/uploads\/2019\/02\/52813248_347319782785763_8387619882644013056_n-225x300.jpg\" alt=\"\" width=\"225\" height=\"300\" srcset=\"https:\/\/aradiovi.hu\/wp-content\/uploads\/2019\/02\/52813248_347319782785763_8387619882644013056_n-225x300.jpg 225w, https:\/\/aradiovi.hu\/wp-content\/uploads\/2019\/02\/52813248_347319782785763_8387619882644013056_n-768x1024.jpg 768w\" sizes=\"auto, (max-width: 225px) 100vw, 225px\" \/><\/a> <a href=\"http:\/\/www.aradiovi.hu\/wp-content\/uploads\/2019\/02\/52813255_557117584808983_6163115818780459008_n.jpg\"><img loading=\"lazy\" decoding=\"async\" class=\"aligncenter size-medium wp-image-1119\" src=\"http:\/\/www.aradiovi.hu\/wp-content\/uploads\/2019\/02\/52813255_557117584808983_6163115818780459008_n-225x300.jpg\" alt=\"\" width=\"225\" height=\"300\" srcset=\"https:\/\/aradiovi.hu\/wp-content\/uploads\/2019\/02\/52813255_557117584808983_6163115818780459008_n-225x300.jpg 225w, https:\/\/aradiovi.hu\/wp-content\/uploads\/2019\/02\/52813255_557117584808983_6163115818780459008_n-768x1024.jpg 768w\" sizes=\"auto, (max-width: 225px) 100vw, 225px\" \/><\/a> <a href=\"http:\/\/www.aradiovi.hu\/wp-content\/uploads\/2019\/02\/52987208_540645113009520_4630209684094058496_n-1.jpg\"><img loading=\"lazy\" decoding=\"async\" class=\"aligncenter size-medium wp-image-1121\" src=\"http:\/\/www.aradiovi.hu\/wp-content\/uploads\/2019\/02\/52987208_540645113009520_4630209684094058496_n-1-225x300.jpg\" alt=\"\" width=\"225\" height=\"300\" srcset=\"https:\/\/aradiovi.hu\/wp-content\/uploads\/2019\/02\/52987208_540645113009520_4630209684094058496_n-1-225x300.jpg 225w, https:\/\/aradiovi.hu\/wp-content\/uploads\/2019\/02\/52987208_540645113009520_4630209684094058496_n-1-768x1024.jpg 768w\" sizes=\"auto, (max-width: 225px) 100vw, 225px\" \/><\/a> <a href=\"http:\/\/www.aradiovi.hu\/wp-content\/uploads\/2019\/02\/52987208_540645113009520_4630209684094058496_n.jpg\"><img loading=\"lazy\" decoding=\"async\" class=\"aligncenter size-medium wp-image-1122\" src=\"http:\/\/www.aradiovi.hu\/wp-content\/uploads\/2019\/02\/52987208_540645113009520_4630209684094058496_n-225x300.jpg\" alt=\"\" width=\"225\" height=\"300\" srcset=\"https:\/\/aradiovi.hu\/wp-content\/uploads\/2019\/02\/52987208_540645113009520_4630209684094058496_n-225x300.jpg 225w, https:\/\/aradiovi.hu\/wp-content\/uploads\/2019\/02\/52987208_540645113009520_4630209684094058496_n-768x1024.jpg 768w\" sizes=\"auto, (max-width: 225px) 100vw, 225px\" \/><\/a> <a href=\"http:\/\/www.aradiovi.hu\/wp-content\/uploads\/2019\/02\/53065775_597016397443241_7392118837925117952_n.jpg\"><img loading=\"lazy\" decoding=\"async\" class=\"aligncenter size-medium wp-image-1123\" src=\"http:\/\/www.aradiovi.hu\/wp-content\/uploads\/2019\/02\/53065775_597016397443241_7392118837925117952_n-225x300.jpg\" alt=\"\" width=\"225\" height=\"300\" srcset=\"https:\/\/aradiovi.hu\/wp-content\/uploads\/2019\/02\/53065775_597016397443241_7392118837925117952_n-225x300.jpg 225w, https:\/\/aradiovi.hu\/wp-content\/uploads\/2019\/02\/53065775_597016397443241_7392118837925117952_n-768x1024.jpg 768w\" sizes=\"auto, (max-width: 225px) 100vw, 225px\" \/><\/a> <a href=\"http:\/\/www.aradiovi.hu\/wp-content\/uploads\/2019\/02\/53117853_2210857308966206_3184808233843818496_n.jpg\"><img loading=\"lazy\" decoding=\"async\" class=\"aligncenter size-medium wp-image-1124\" src=\"http:\/\/www.aradiovi.hu\/wp-content\/uploads\/2019\/02\/53117853_2210857308966206_3184808233843818496_n-225x300.jpg\" alt=\"\" width=\"225\" height=\"300\" srcset=\"https:\/\/aradiovi.hu\/wp-content\/uploads\/2019\/02\/53117853_2210857308966206_3184808233843818496_n-225x300.jpg 225w, https:\/\/aradiovi.hu\/wp-content\/uploads\/2019\/02\/53117853_2210857308966206_3184808233843818496_n-768x1024.jpg 768w\" sizes=\"auto, (max-width: 225px) 100vw, 225px\" \/><\/a><\/p>\n","protected":false},"excerpt":{"rendered":"<p>Kisvakond csoport &nbsp; Sz\u00e1zl\u00e1b\u00fa csoport &nbsp; Hintapaci csoport<\/p>\n","protected":false},"author":1,"featured_media":0,"parent":0,"menu_order":0,"comment_status":"closed","ping_status":"closed","template":"","meta":{"footnotes":""},"class_list":["post-1069","page","type-page","status-publish","hentry"],"_links":{"self":[{"href":"https:\/\/aradiovi.hu\/index.php?rest_route=\/wp\/v2\/pages\/1069","targetHints":{"allow":["GET"]}}],"collection":[{"href":"https:\/\/aradiovi.hu\/index.php?rest_route=\/wp\/v2\/pages"}],"about":[{"href":"https:\/\/aradiovi.hu\/index.php?rest_route=\/wp\/v2\/types\/page"}],"author":[{"embeddable":true,"href":"https:\/\/aradiovi.hu\/index.php?rest_route=\/wp\/v2\/users\/1"}],"replies":[{"embeddable":true,"href":"https:\/\/aradiovi.hu\/index.php?rest_route=%2Fwp%2Fv2%2Fcomments&post=1069"}],"version-history":[{"count":5,"href":"https:\/\/aradiovi.hu\/index.php?rest_route=\/wp\/v2\/pages\/1069\/revisions"}],"predecessor-version":[{"id":1125,"href":"https:\/\/aradiovi.hu\/index.php?rest_route=\/wp\/v2\/pages\/1069\/revisions\/1125"}],"wp:attachment":[{"href":"https:\/\/aradiovi.hu\/index.php?rest_route=%2Fwp%2Fv2%2Fmedia&parent=1069"}],"curies":[{"name":"wp","href":"https:\/\/api.w.org\/{rel}","templated":true}]}}