{"id":2075,"date":"2021-06-04T16:24:18","date_gmt":"2021-06-04T16:24:18","guid":{"rendered":"http:\/\/www.aradiovi.hu\/?page_id=2075"},"modified":"2021-06-04T17:03:20","modified_gmt":"2021-06-04T17:03:20","slug":"gyermeknap-4","status":"publish","type":"page","link":"https:\/\/aradiovi.hu\/?page_id=2075","title":{"rendered":"Gyermeknap"},"content":{"rendered":"<p>\ud83d\ude42 Az els\u0151 k\u00e9pre kattitntva l\u00e9ptethet\u0151 \u00e9s nem kell fejeket elforgatni a k\u00e9pekhez \ud83d\ude42 )<\/p>\n<p>&nbsp;<\/p>\n<p><a href=\"http:\/\/www.aradiovi.hu\/wp-content\/uploads\/2021\/06\/20210604_092751.jpg\"><img loading=\"lazy\" decoding=\"async\" class=\"aligncenter size-large wp-image-2076\" src=\"http:\/\/www.aradiovi.hu\/wp-content\/uploads\/2021\/06\/20210604_092751-1024x768.jpg\" alt=\"\" width=\"720\" height=\"540\" srcset=\"https:\/\/aradiovi.hu\/wp-content\/uploads\/2021\/06\/20210604_092751-1024x768.jpg 1024w, https:\/\/aradiovi.hu\/wp-content\/uploads\/2021\/06\/20210604_092751-300x225.jpg 300w, https:\/\/aradiovi.hu\/wp-content\/uploads\/2021\/06\/20210604_092751-768x576.jpg 768w\" sizes=\"auto, (max-width: 720px) 100vw, 720px\" \/><\/a> <a href=\"http:\/\/www.aradiovi.hu\/wp-content\/uploads\/2021\/06\/20210604_092813.jpg\"><img loading=\"lazy\" decoding=\"async\" class=\"aligncenter size-full wp-image-2077\" src=\"http:\/\/www.aradiovi.hu\/wp-content\/uploads\/2021\/06\/20210604_092813.jpg\" alt=\"\" width=\"4000\" height=\"3000\" srcset=\"https:\/\/aradiovi.hu\/wp-content\/uploads\/2021\/06\/20210604_092813.jpg 4000w, https:\/\/aradiovi.hu\/wp-content\/uploads\/2021\/06\/20210604_092813-300x225.jpg 300w, https:\/\/aradiovi.hu\/wp-content\/uploads\/2021\/06\/20210604_092813-768x576.jpg 768w, https:\/\/aradiovi.hu\/wp-content\/uploads\/2021\/06\/20210604_092813-1024x768.jpg 1024w\" sizes=\"auto, (max-width: 4000px) 100vw, 4000px\" \/><\/a> <a href=\"http:\/\/www.aradiovi.hu\/wp-content\/uploads\/2021\/06\/20210604_093218.jpg\"><img loading=\"lazy\" decoding=\"async\" class=\"aligncenter size-full wp-image-2078\" src=\"http:\/\/www.aradiovi.hu\/wp-content\/uploads\/2021\/06\/20210604_093218.jpg\" alt=\"\" width=\"4000\" height=\"3000\" srcset=\"https:\/\/aradiovi.hu\/wp-content\/uploads\/2021\/06\/20210604_093218.jpg 4000w, https:\/\/aradiovi.hu\/wp-content\/uploads\/2021\/06\/20210604_093218-300x225.jpg 300w, https:\/\/aradiovi.hu\/wp-content\/uploads\/2021\/06\/20210604_093218-768x576.jpg 768w, https:\/\/aradiovi.hu\/wp-content\/uploads\/2021\/06\/20210604_093218-1024x768.jpg 1024w\" sizes=\"auto, (max-width: 4000px) 100vw, 4000px\" \/><\/a> <a href=\"http:\/\/www.aradiovi.hu\/wp-content\/uploads\/2021\/06\/20210604_094509.jpg\"><img loading=\"lazy\" decoding=\"async\" class=\"aligncenter size-full wp-image-2079\" src=\"http:\/\/www.aradiovi.hu\/wp-content\/uploads\/2021\/06\/20210604_094509.jpg\" alt=\"\" width=\"4000\" height=\"3000\" srcset=\"https:\/\/aradiovi.hu\/wp-content\/uploads\/2021\/06\/20210604_094509.jpg 4000w, https:\/\/aradiovi.hu\/wp-content\/uploads\/2021\/06\/20210604_094509-300x225.jpg 300w, https:\/\/aradiovi.hu\/wp-content\/uploads\/2021\/06\/20210604_094509-768x576.jpg 768w, https:\/\/aradiovi.hu\/wp-content\/uploads\/2021\/06\/20210604_094509-1024x768.jpg 1024w\" sizes=\"auto, (max-width: 4000px) 100vw, 4000px\" \/><\/a> <a href=\"http:\/\/www.aradiovi.hu\/wp-content\/uploads\/2021\/06\/20210604_100227.jpg\"><img loading=\"lazy\" decoding=\"async\" class=\"aligncenter size-full wp-image-2080\" src=\"http:\/\/www.aradiovi.hu\/wp-content\/uploads\/2021\/06\/20210604_100227.jpg\" alt=\"\" width=\"4000\" height=\"3000\" srcset=\"https:\/\/aradiovi.hu\/wp-content\/uploads\/2021\/06\/20210604_100227.jpg 4000w, https:\/\/aradiovi.hu\/wp-content\/uploads\/2021\/06\/20210604_100227-300x225.jpg 300w, https:\/\/aradiovi.hu\/wp-content\/uploads\/2021\/06\/20210604_100227-768x576.jpg 768w, https:\/\/aradiovi.hu\/wp-content\/uploads\/2021\/06\/20210604_100227-1024x768.jpg 1024w\" sizes=\"auto, (max-width: 4000px) 100vw, 4000px\" \/><\/a> <a href=\"http:\/\/www.aradiovi.hu\/wp-content\/uploads\/2021\/06\/20210604_100421.jpg\"><img loading=\"lazy\" decoding=\"async\" class=\"aligncenter size-full wp-image-2081\" src=\"http:\/\/www.aradiovi.hu\/wp-content\/uploads\/2021\/06\/20210604_100421.jpg\" alt=\"\" width=\"4000\" height=\"3000\" srcset=\"https:\/\/aradiovi.hu\/wp-content\/uploads\/2021\/06\/20210604_100421.jpg 4000w, https:\/\/aradiovi.hu\/wp-content\/uploads\/2021\/06\/20210604_100421-300x225.jpg 300w, https:\/\/aradiovi.hu\/wp-content\/uploads\/2021\/06\/20210604_100421-768x576.jpg 768w, https:\/\/aradiovi.hu\/wp-content\/uploads\/2021\/06\/20210604_100421-1024x768.jpg 1024w\" sizes=\"auto, (max-width: 4000px) 100vw, 4000px\" \/><\/a> <a href=\"http:\/\/www.aradiovi.hu\/wp-content\/uploads\/2021\/06\/20210604_100641.jpg\"><img loading=\"lazy\" decoding=\"async\" class=\"aligncenter size-full wp-image-2082\" src=\"http:\/\/www.aradiovi.hu\/wp-content\/uploads\/2021\/06\/20210604_100641.jpg\" alt=\"\" width=\"4000\" height=\"3000\" srcset=\"https:\/\/aradiovi.hu\/wp-content\/uploads\/2021\/06\/20210604_100641.jpg 4000w, https:\/\/aradiovi.hu\/wp-content\/uploads\/2021\/06\/20210604_100641-300x225.jpg 300w, https:\/\/aradiovi.hu\/wp-content\/uploads\/2021\/06\/20210604_100641-768x576.jpg 768w, https:\/\/aradiovi.hu\/wp-content\/uploads\/2021\/06\/20210604_100641-1024x768.jpg 1024w\" sizes=\"auto, (max-width: 4000px) 100vw, 4000px\" \/><\/a> <a href=\"http:\/\/www.aradiovi.hu\/wp-content\/uploads\/2021\/06\/20210604_101212.jpg\"><img loading=\"lazy\" decoding=\"async\" class=\"aligncenter size-full wp-image-2083\" src=\"http:\/\/www.aradiovi.hu\/wp-content\/uploads\/2021\/06\/20210604_101212.jpg\" alt=\"\" width=\"4000\" height=\"3000\" srcset=\"https:\/\/aradiovi.hu\/wp-content\/uploads\/2021\/06\/20210604_101212.jpg 4000w, https:\/\/aradiovi.hu\/wp-content\/uploads\/2021\/06\/20210604_101212-300x225.jpg 300w, https:\/\/aradiovi.hu\/wp-content\/uploads\/2021\/06\/20210604_101212-768x576.jpg 768w, https:\/\/aradiovi.hu\/wp-content\/uploads\/2021\/06\/20210604_101212-1024x768.jpg 1024w\" sizes=\"auto, (max-width: 4000px) 100vw, 4000px\" \/><\/a> <a href=\"http:\/\/www.aradiovi.hu\/wp-content\/uploads\/2021\/06\/20210604_102727.jpg\"><img loading=\"lazy\" decoding=\"async\" class=\"aligncenter size-full wp-image-2084\" src=\"http:\/\/www.aradiovi.hu\/wp-content\/uploads\/2021\/06\/20210604_102727.jpg\" alt=\"\" width=\"4000\" height=\"3000\" srcset=\"https:\/\/aradiovi.hu\/wp-content\/uploads\/2021\/06\/20210604_102727.jpg 4000w, https:\/\/aradiovi.hu\/wp-content\/uploads\/2021\/06\/20210604_102727-300x225.jpg 300w, https:\/\/aradiovi.hu\/wp-content\/uploads\/2021\/06\/20210604_102727-768x576.jpg 768w, https:\/\/aradiovi.hu\/wp-content\/uploads\/2021\/06\/20210604_102727-1024x768.jpg 1024w\" sizes=\"auto, (max-width: 4000px) 100vw, 4000px\" \/><\/a> <a href=\"http:\/\/www.aradiovi.hu\/wp-content\/uploads\/2021\/06\/20210604_103416.jpg\"><img loading=\"lazy\" decoding=\"async\" class=\"aligncenter size-full wp-image-2085\" src=\"http:\/\/www.aradiovi.hu\/wp-content\/uploads\/2021\/06\/20210604_103416.jpg\" alt=\"\" width=\"4000\" height=\"3000\" srcset=\"https:\/\/aradiovi.hu\/wp-content\/uploads\/2021\/06\/20210604_103416.jpg 4000w, https:\/\/aradiovi.hu\/wp-content\/uploads\/2021\/06\/20210604_103416-300x225.jpg 300w, https:\/\/aradiovi.hu\/wp-content\/uploads\/2021\/06\/20210604_103416-768x576.jpg 768w, https:\/\/aradiovi.hu\/wp-content\/uploads\/2021\/06\/20210604_103416-1024x768.jpg 1024w\" sizes=\"auto, (max-width: 4000px) 100vw, 4000px\" \/><\/a> <a href=\"http:\/\/www.aradiovi.hu\/wp-content\/uploads\/2021\/06\/20210604_103628.jpg\"><img loading=\"lazy\" decoding=\"async\" class=\"aligncenter size-full wp-image-2086\" src=\"http:\/\/www.aradiovi.hu\/wp-content\/uploads\/2021\/06\/20210604_103628.jpg\" alt=\"\" width=\"4000\" height=\"3000\" srcset=\"https:\/\/aradiovi.hu\/wp-content\/uploads\/2021\/06\/20210604_103628.jpg 4000w, https:\/\/aradiovi.hu\/wp-content\/uploads\/2021\/06\/20210604_103628-300x225.jpg 300w, https:\/\/aradiovi.hu\/wp-content\/uploads\/2021\/06\/20210604_103628-768x576.jpg 768w, https:\/\/aradiovi.hu\/wp-content\/uploads\/2021\/06\/20210604_103628-1024x768.jpg 1024w\" sizes=\"auto, (max-width: 4000px) 100vw, 4000px\" \/><\/a><a href=\"http:\/\/www.aradiovi.hu\/wp-content\/uploads\/2021\/06\/20210604_101404.jpg\"><img loading=\"lazy\" decoding=\"async\" class=\"aligncenter size-large wp-image-2089\" src=\"http:\/\/www.aradiovi.hu\/wp-content\/uploads\/2021\/06\/20210604_101404-1024x768.jpg\" alt=\"\" width=\"720\" height=\"540\" srcset=\"https:\/\/aradiovi.hu\/wp-content\/uploads\/2021\/06\/20210604_101404-1024x768.jpg 1024w, https:\/\/aradiovi.hu\/wp-content\/uploads\/2021\/06\/20210604_101404-300x225.jpg 300w, https:\/\/aradiovi.hu\/wp-content\/uploads\/2021\/06\/20210604_101404-768x576.jpg 768w\" sizes=\"auto, (max-width: 720px) 100vw, 720px\" \/><\/a><a href=\"http:\/\/www.aradiovi.hu\/wp-content\/uploads\/2021\/06\/20210604_102837.jpg\"><img loading=\"lazy\" decoding=\"async\" class=\"aligncenter size-large wp-image-2090\" src=\"http:\/\/www.aradiovi.hu\/wp-content\/uploads\/2021\/06\/20210604_102837-1024x768.jpg\" alt=\"\" width=\"720\" height=\"540\" srcset=\"https:\/\/aradiovi.hu\/wp-content\/uploads\/2021\/06\/20210604_102837-1024x768.jpg 1024w, https:\/\/aradiovi.hu\/wp-content\/uploads\/2021\/06\/20210604_102837-300x225.jpg 300w, https:\/\/aradiovi.hu\/wp-content\/uploads\/2021\/06\/20210604_102837-768x576.jpg 768w\" sizes=\"auto, (max-width: 720px) 100vw, 720px\" \/><\/a><a href=\"http:\/\/www.aradiovi.hu\/wp-content\/uploads\/2021\/06\/20210604_103001.jpg\"><img loading=\"lazy\" decoding=\"async\" class=\"aligncenter size-large wp-image-2091\" src=\"http:\/\/www.aradiovi.hu\/wp-content\/uploads\/2021\/06\/20210604_103001-1024x768.jpg\" alt=\"\" width=\"720\" height=\"540\" srcset=\"https:\/\/aradiovi.hu\/wp-content\/uploads\/2021\/06\/20210604_103001-1024x768.jpg 1024w, https:\/\/aradiovi.hu\/wp-content\/uploads\/2021\/06\/20210604_103001-300x225.jpg 300w, https:\/\/aradiovi.hu\/wp-content\/uploads\/2021\/06\/20210604_103001-768x576.jpg 768w\" sizes=\"auto, (max-width: 720px) 100vw, 720px\" \/><\/a><a href=\"http:\/\/www.aradiovi.hu\/wp-content\/uploads\/2021\/06\/20210604_094849.jpg\"><img loading=\"lazy\" decoding=\"async\" class=\"aligncenter size-large wp-image-2092\" src=\"http:\/\/www.aradiovi.hu\/wp-content\/uploads\/2021\/06\/20210604_094849-1024x768.jpg\" alt=\"\" width=\"720\" height=\"540\" srcset=\"https:\/\/aradiovi.hu\/wp-content\/uploads\/2021\/06\/20210604_094849-1024x768.jpg 1024w, https:\/\/aradiovi.hu\/wp-content\/uploads\/2021\/06\/20210604_094849-300x225.jpg 300w, https:\/\/aradiovi.hu\/wp-content\/uploads\/2021\/06\/20210604_094849-768x576.jpg 768w\" sizes=\"auto, (max-width: 720px) 100vw, 720px\" \/><\/a><a href=\"http:\/\/www.aradiovi.hu\/wp-content\/uploads\/2021\/06\/20210604_095025.jpg\"><img loading=\"lazy\" decoding=\"async\" class=\"aligncenter size-large wp-image-2093\" src=\"http:\/\/www.aradiovi.hu\/wp-content\/uploads\/2021\/06\/20210604_095025-1024x768.jpg\" alt=\"\" width=\"720\" height=\"540\" srcset=\"https:\/\/aradiovi.hu\/wp-content\/uploads\/2021\/06\/20210604_095025-1024x768.jpg 1024w, https:\/\/aradiovi.hu\/wp-content\/uploads\/2021\/06\/20210604_095025-300x225.jpg 300w, https:\/\/aradiovi.hu\/wp-content\/uploads\/2021\/06\/20210604_095025-768x576.jpg 768w\" sizes=\"auto, (max-width: 720px) 100vw, 720px\" \/><\/a><a href=\"http:\/\/www.aradiovi.hu\/wp-content\/uploads\/2021\/06\/20210604_095035.jpg\"><img loading=\"lazy\" decoding=\"async\" class=\"aligncenter size-large wp-image-2094\" src=\"http:\/\/www.aradiovi.hu\/wp-content\/uploads\/2021\/06\/20210604_095035-1024x768.jpg\" alt=\"\" width=\"720\" height=\"540\" srcset=\"https:\/\/aradiovi.hu\/wp-content\/uploads\/2021\/06\/20210604_095035-1024x768.jpg 1024w, https:\/\/aradiovi.hu\/wp-content\/uploads\/2021\/06\/20210604_095035-300x225.jpg 300w, https:\/\/aradiovi.hu\/wp-content\/uploads\/2021\/06\/20210604_095035-768x576.jpg 768w\" sizes=\"auto, (max-width: 720px) 100vw, 720px\" \/><\/a><a href=\"http:\/\/www.aradiovi.hu\/wp-content\/uploads\/2021\/06\/20210604_095621.jpg\"><img loading=\"lazy\" decoding=\"async\" class=\"aligncenter size-large wp-image-2095\" src=\"http:\/\/www.aradiovi.hu\/wp-content\/uploads\/2021\/06\/20210604_095621-1024x768.jpg\" alt=\"\" width=\"720\" height=\"540\" srcset=\"https:\/\/aradiovi.hu\/wp-content\/uploads\/2021\/06\/20210604_095621-1024x768.jpg 1024w, https:\/\/aradiovi.hu\/wp-content\/uploads\/2021\/06\/20210604_095621-300x225.jpg 300w, https:\/\/aradiovi.hu\/wp-content\/uploads\/2021\/06\/20210604_095621-768x576.jpg 768w\" sizes=\"auto, (max-width: 720px) 100vw, 720px\" \/><\/a><a href=\"http:\/\/www.aradiovi.hu\/wp-content\/uploads\/2021\/06\/20210604_095743.jpg\"><img loading=\"lazy\" decoding=\"async\" class=\"aligncenter size-large wp-image-2096\" src=\"http:\/\/www.aradiovi.hu\/wp-content\/uploads\/2021\/06\/20210604_095743-1024x768.jpg\" alt=\"\" width=\"720\" height=\"540\" srcset=\"https:\/\/aradiovi.hu\/wp-content\/uploads\/2021\/06\/20210604_095743-1024x768.jpg 1024w, https:\/\/aradiovi.hu\/wp-content\/uploads\/2021\/06\/20210604_095743-300x225.jpg 300w, https:\/\/aradiovi.hu\/wp-content\/uploads\/2021\/06\/20210604_095743-768x576.jpg 768w\" sizes=\"auto, (max-width: 720px) 100vw, 720px\" \/><\/a><a href=\"http:\/\/www.aradiovi.hu\/wp-content\/uploads\/2021\/06\/20210604_101028.jpg\"><img loading=\"lazy\" decoding=\"async\" class=\"aligncenter size-large wp-image-2097\" src=\"http:\/\/www.aradiovi.hu\/wp-content\/uploads\/2021\/06\/20210604_101028-1024x768.jpg\" alt=\"\" width=\"720\" height=\"540\" srcset=\"https:\/\/aradiovi.hu\/wp-content\/uploads\/2021\/06\/20210604_101028-1024x768.jpg 1024w, https:\/\/aradiovi.hu\/wp-content\/uploads\/2021\/06\/20210604_101028-300x225.jpg 300w, https:\/\/aradiovi.hu\/wp-content\/uploads\/2021\/06\/20210604_101028-768x576.jpg 768w\" sizes=\"auto, (max-width: 720px) 100vw, 720px\" \/><\/a><a href=\"http:\/\/www.aradiovi.hu\/wp-content\/uploads\/2021\/06\/20210604_103553.jpg\"><img loading=\"lazy\" decoding=\"async\" class=\"aligncenter size-large wp-image-2098\" src=\"http:\/\/www.aradiovi.hu\/wp-content\/uploads\/2021\/06\/20210604_103553-1024x768.jpg\" alt=\"\" width=\"720\" height=\"540\" srcset=\"https:\/\/aradiovi.hu\/wp-content\/uploads\/2021\/06\/20210604_103553-1024x768.jpg 1024w, https:\/\/aradiovi.hu\/wp-content\/uploads\/2021\/06\/20210604_103553-300x225.jpg 300w, https:\/\/aradiovi.hu\/wp-content\/uploads\/2021\/06\/20210604_103553-768x576.jpg 768w\" sizes=\"auto, (max-width: 720px) 100vw, 720px\" \/><\/a><\/p>\n","protected":false},"excerpt":{"rendered":"<p>\ud83d\ude42 Az els\u0151 k\u00e9pre kattitntva l\u00e9ptethet\u0151 \u00e9s nem kell fejeket elforgatni a k\u00e9pekhez \ud83d\ude42 ) &nbsp;<\/p>\n","protected":false},"author":1,"featured_media":0,"parent":0,"menu_order":0,"comment_status":"closed","ping_status":"closed","template":"","meta":{"footnotes":""},"class_list":["post-2075","page","type-page","status-publish","hentry"],"_links":{"self":[{"href":"https:\/\/aradiovi.hu\/index.php?rest_route=\/wp\/v2\/pages\/2075","targetHints":{"allow":["GET"]}}],"collection":[{"href":"https:\/\/aradiovi.hu\/index.php?rest_route=\/wp\/v2\/pages"}],"about":[{"href":"https:\/\/aradiovi.hu\/index.php?rest_route=\/wp\/v2\/types\/page"}],"author":[{"embeddable":true,"href":"https:\/\/aradiovi.hu\/index.php?rest_route=\/wp\/v2\/users\/1"}],"replies":[{"embeddable":true,"href":"https:\/\/aradiovi.hu\/index.php?rest_route=%2Fwp%2Fv2%2Fcomments&post=2075"}],"version-history":[{"count":5,"href":"https:\/\/aradiovi.hu\/index.php?rest_route=\/wp\/v2\/pages\/2075\/revisions"}],"predecessor-version":[{"id":2139,"href":"https:\/\/aradiovi.hu\/index.php?rest_route=\/wp\/v2\/pages\/2075\/revisions\/2139"}],"wp:attachment":[{"href":"https:\/\/aradiovi.hu\/index.php?rest_route=%2Fwp%2Fv2%2Fmedia&parent=2075"}],"curies":[{"name":"wp","href":"https:\/\/api.w.org\/{rel}","templated":true}]}}