{"id":2741,"date":"2025-02-13T21:20:59","date_gmt":"2025-02-13T21:20:59","guid":{"rendered":"http:\/\/www.aradiovi.hu\/?page_id=2741"},"modified":"2025-02-13T21:21:40","modified_gmt":"2025-02-13T21:21:40","slug":"luca-napi-forgatag-es-vasar","status":"publish","type":"page","link":"https:\/\/aradiovi.hu\/?page_id=2741","title":{"rendered":"Luca napi forgatag \u00e9s v\u00e1s\u00e1r"},"content":{"rendered":"<p><a href=\"http:\/\/www.aradiovi.hu\/wp-content\/uploads\/2025\/02\/469926091_9103788696347294_1196238062722063424_n.jpg\"><img loading=\"lazy\" decoding=\"async\" class=\"aligncenter size-large wp-image-2742\" src=\"http:\/\/www.aradiovi.hu\/wp-content\/uploads\/2025\/02\/469926091_9103788696347294_1196238062722063424_n-462x1024.jpg\" alt=\"\" width=\"462\" height=\"1024\" srcset=\"https:\/\/aradiovi.hu\/wp-content\/uploads\/2025\/02\/469926091_9103788696347294_1196238062722063424_n-462x1024.jpg 462w, https:\/\/aradiovi.hu\/wp-content\/uploads\/2025\/02\/469926091_9103788696347294_1196238062722063424_n-135x300.jpg 135w, https:\/\/aradiovi.hu\/wp-content\/uploads\/2025\/02\/469926091_9103788696347294_1196238062722063424_n-768x1704.jpg 768w, https:\/\/aradiovi.hu\/wp-content\/uploads\/2025\/02\/469926091_9103788696347294_1196238062722063424_n.jpg 923w\" sizes=\"auto, (max-width: 462px) 100vw, 462px\" \/><\/a><\/p>\n<p><a href=\"http:\/\/www.aradiovi.hu\/wp-content\/uploads\/2025\/02\/469952589_9103792726346891_2052303149145037546_n.jpg\"><img loading=\"lazy\" decoding=\"async\" class=\"aligncenter size-large wp-image-2743\" src=\"http:\/\/www.aradiovi.hu\/wp-content\/uploads\/2025\/02\/469952589_9103792726346891_2052303149145037546_n-462x1024.jpg\" alt=\"\" width=\"462\" height=\"1024\" srcset=\"https:\/\/aradiovi.hu\/wp-content\/uploads\/2025\/02\/469952589_9103792726346891_2052303149145037546_n-462x1024.jpg 462w, https:\/\/aradiovi.hu\/wp-content\/uploads\/2025\/02\/469952589_9103792726346891_2052303149145037546_n-135x300.jpg 135w, https:\/\/aradiovi.hu\/wp-content\/uploads\/2025\/02\/469952589_9103792726346891_2052303149145037546_n-768x1704.jpg 768w, https:\/\/aradiovi.hu\/wp-content\/uploads\/2025\/02\/469952589_9103792726346891_2052303149145037546_n.jpg 923w\" sizes=\"auto, (max-width: 462px) 100vw, 462px\" \/><\/a><\/p>\n<p><a href=\"http:\/\/www.aradiovi.hu\/wp-content\/uploads\/2025\/02\/470059152_1736590976914187_1848145589028452015_n.jpg\"><img loading=\"lazy\" decoding=\"async\" class=\"aligncenter size-large wp-image-2745\" src=\"http:\/\/www.aradiovi.hu\/wp-content\/uploads\/2025\/02\/470059152_1736590976914187_1848145589028452015_n-1024x768.jpg\" alt=\"\" width=\"720\" height=\"540\" srcset=\"https:\/\/aradiovi.hu\/wp-content\/uploads\/2025\/02\/470059152_1736590976914187_1848145589028452015_n-1024x768.jpg 1024w, https:\/\/aradiovi.hu\/wp-content\/uploads\/2025\/02\/470059152_1736590976914187_1848145589028452015_n-300x225.jpg 300w, https:\/\/aradiovi.hu\/wp-content\/uploads\/2025\/02\/470059152_1736590976914187_1848145589028452015_n-768x576.jpg 768w, https:\/\/aradiovi.hu\/wp-content\/uploads\/2025\/02\/470059152_1736590976914187_1848145589028452015_n.jpg 2048w\" sizes=\"auto, (max-width: 720px) 100vw, 720px\" \/><\/a><\/p>\n<p><a href=\"http:\/\/www.aradiovi.hu\/wp-content\/uploads\/2025\/02\/470138277_9629059573779735_1331377402233031046_n.jpg\"><img loading=\"lazy\" decoding=\"async\" class=\"aligncenter size-large wp-image-2747\" src=\"http:\/\/www.aradiovi.hu\/wp-content\/uploads\/2025\/02\/470138277_9629059573779735_1331377402233031046_n.jpg\" alt=\"\" width=\"720\" height=\"540\" srcset=\"https:\/\/aradiovi.hu\/wp-content\/uploads\/2025\/02\/470138277_9629059573779735_1331377402233031046_n.jpg 960w, https:\/\/aradiovi.hu\/wp-content\/uploads\/2025\/02\/470138277_9629059573779735_1331377402233031046_n-300x225.jpg 300w, https:\/\/aradiovi.hu\/wp-content\/uploads\/2025\/02\/470138277_9629059573779735_1331377402233031046_n-768x576.jpg 768w\" sizes=\"auto, (max-width: 720px) 100vw, 720px\" \/><\/a><\/p>\n<p><a href=\"http:\/\/www.aradiovi.hu\/wp-content\/uploads\/2025\/02\/470140951_9629060060446353_3425863879232630463_n.jpg\"><img loading=\"lazy\" decoding=\"async\" class=\"aligncenter size-large wp-image-2748\" src=\"http:\/\/www.aradiovi.hu\/wp-content\/uploads\/2025\/02\/470140951_9629060060446353_3425863879232630463_n.jpg\" alt=\"\" width=\"720\" height=\"960\" srcset=\"https:\/\/aradiovi.hu\/wp-content\/uploads\/2025\/02\/470140951_9629060060446353_3425863879232630463_n.jpg 720w, https:\/\/aradiovi.hu\/wp-content\/uploads\/2025\/02\/470140951_9629060060446353_3425863879232630463_n-225x300.jpg 225w\" sizes=\"auto, (max-width: 720px) 100vw, 720px\" \/><\/a><\/p>\n<p><a href=\"http:\/\/www.aradiovi.hu\/wp-content\/uploads\/2025\/02\/470172274_9629059863779706_117148223908486961_n.jpg\"><img loading=\"lazy\" decoding=\"async\" class=\"aligncenter size-large wp-image-2749\" src=\"http:\/\/www.aradiovi.hu\/wp-content\/uploads\/2025\/02\/470172274_9629059863779706_117148223908486961_n.jpg\" alt=\"\" width=\"720\" height=\"540\" srcset=\"https:\/\/aradiovi.hu\/wp-content\/uploads\/2025\/02\/470172274_9629059863779706_117148223908486961_n.jpg 960w, https:\/\/aradiovi.hu\/wp-content\/uploads\/2025\/02\/470172274_9629059863779706_117148223908486961_n-300x225.jpg 300w, https:\/\/aradiovi.hu\/wp-content\/uploads\/2025\/02\/470172274_9629059863779706_117148223908486961_n-768x576.jpg 768w\" sizes=\"auto, (max-width: 720px) 100vw, 720px\" \/><\/a><\/p>\n<p><a href=\"http:\/\/www.aradiovi.hu\/wp-content\/uploads\/2025\/02\/470176343_9629061140446245_8098366491044803913_n.jpg\"><img loading=\"lazy\" decoding=\"async\" class=\"aligncenter size-large wp-image-2750\" src=\"http:\/\/www.aradiovi.hu\/wp-content\/uploads\/2025\/02\/470176343_9629061140446245_8098366491044803913_n.jpg\" alt=\"\" width=\"720\" height=\"540\" srcset=\"https:\/\/aradiovi.hu\/wp-content\/uploads\/2025\/02\/470176343_9629061140446245_8098366491044803913_n.jpg 960w, https:\/\/aradiovi.hu\/wp-content\/uploads\/2025\/02\/470176343_9629061140446245_8098366491044803913_n-300x225.jpg 300w, https:\/\/aradiovi.hu\/wp-content\/uploads\/2025\/02\/470176343_9629061140446245_8098366491044803913_n-768x576.jpg 768w\" sizes=\"auto, (max-width: 720px) 100vw, 720px\" \/><\/a><\/p>\n<p><a href=\"http:\/\/www.aradiovi.hu\/wp-content\/uploads\/2025\/02\/470181608_9629061570446202_7515981872725862012_n.jpg\"><img loading=\"lazy\" decoding=\"async\" class=\"aligncenter size-large wp-image-2751\" src=\"http:\/\/www.aradiovi.hu\/wp-content\/uploads\/2025\/02\/470181608_9629061570446202_7515981872725862012_n.jpg\" alt=\"\" width=\"720\" height=\"540\" srcset=\"https:\/\/aradiovi.hu\/wp-content\/uploads\/2025\/02\/470181608_9629061570446202_7515981872725862012_n.jpg 960w, https:\/\/aradiovi.hu\/wp-content\/uploads\/2025\/02\/470181608_9629061570446202_7515981872725862012_n-300x225.jpg 300w, https:\/\/aradiovi.hu\/wp-content\/uploads\/2025\/02\/470181608_9629061570446202_7515981872725862012_n-768x576.jpg 768w\" sizes=\"auto, (max-width: 720px) 100vw, 720px\" \/><\/a><\/p>\n<p><a href=\"http:\/\/www.aradiovi.hu\/wp-content\/uploads\/2025\/02\/470182560_9629058253779867_1839624296106639715_n.jpg\"><img loading=\"lazy\" decoding=\"async\" class=\"aligncenter size-large wp-image-2752\" src=\"http:\/\/www.aradiovi.hu\/wp-content\/uploads\/2025\/02\/470182560_9629058253779867_1839624296106639715_n.jpg\" alt=\"\" width=\"720\" height=\"540\" srcset=\"https:\/\/aradiovi.hu\/wp-content\/uploads\/2025\/02\/470182560_9629058253779867_1839624296106639715_n.jpg 960w, https:\/\/aradiovi.hu\/wp-content\/uploads\/2025\/02\/470182560_9629058253779867_1839624296106639715_n-300x225.jpg 300w, https:\/\/aradiovi.hu\/wp-content\/uploads\/2025\/02\/470182560_9629058253779867_1839624296106639715_n-768x576.jpg 768w\" sizes=\"auto, (max-width: 720px) 100vw, 720px\" \/><\/a><\/p>\n<p><a href=\"http:\/\/www.aradiovi.hu\/wp-content\/uploads\/2025\/02\/470217743_9103793159680181_2291499779502670205_n.jpg\"><img loading=\"lazy\" decoding=\"async\" class=\"aligncenter size-large wp-image-2754\" src=\"http:\/\/www.aradiovi.hu\/wp-content\/uploads\/2025\/02\/470217743_9103793159680181_2291499779502670205_n-461x1024.jpg\" alt=\"\" width=\"461\" height=\"1024\" srcset=\"https:\/\/aradiovi.hu\/wp-content\/uploads\/2025\/02\/470217743_9103793159680181_2291499779502670205_n-461x1024.jpg 461w, https:\/\/aradiovi.hu\/wp-content\/uploads\/2025\/02\/470217743_9103793159680181_2291499779502670205_n-135x300.jpg 135w, https:\/\/aradiovi.hu\/wp-content\/uploads\/2025\/02\/470217743_9103793159680181_2291499779502670205_n-768x1708.jpg 768w, https:\/\/aradiovi.hu\/wp-content\/uploads\/2025\/02\/470217743_9103793159680181_2291499779502670205_n.jpg 921w\" sizes=\"auto, (max-width: 461px) 100vw, 461px\" \/><\/a><\/p>\n<p>&nbsp;<\/p>\n<p><a href=\"http:\/\/www.aradiovi.hu\/wp-content\/uploads\/2025\/02\/470221970_9629058753779817_1758682262788620135_n.jpg\"><img loading=\"lazy\" decoding=\"async\" class=\"aligncenter size-large wp-image-2755\" src=\"http:\/\/www.aradiovi.hu\/wp-content\/uploads\/2025\/02\/470221970_9629058753779817_1758682262788620135_n.jpg\" alt=\"\" width=\"720\" height=\"540\" srcset=\"https:\/\/aradiovi.hu\/wp-content\/uploads\/2025\/02\/470221970_9629058753779817_1758682262788620135_n.jpg 960w, https:\/\/aradiovi.hu\/wp-content\/uploads\/2025\/02\/470221970_9629058753779817_1758682262788620135_n-300x225.jpg 300w, https:\/\/aradiovi.hu\/wp-content\/uploads\/2025\/02\/470221970_9629058753779817_1758682262788620135_n-768x576.jpg 768w\" sizes=\"auto, (max-width: 720px) 100vw, 720px\" \/><\/a><\/p>\n<p><a href=\"http:\/\/www.aradiovi.hu\/wp-content\/uploads\/2025\/02\/470222806_9629058640446495_6920620546711803970_n.jpg\"><img loading=\"lazy\" decoding=\"async\" class=\"aligncenter size-large wp-image-2756\" src=\"http:\/\/www.aradiovi.hu\/wp-content\/uploads\/2025\/02\/470222806_9629058640446495_6920620546711803970_n.jpg\" alt=\"\" width=\"720\" height=\"540\" srcset=\"https:\/\/aradiovi.hu\/wp-content\/uploads\/2025\/02\/470222806_9629058640446495_6920620546711803970_n.jpg 960w, https:\/\/aradiovi.hu\/wp-content\/uploads\/2025\/02\/470222806_9629058640446495_6920620546711803970_n-300x225.jpg 300w, https:\/\/aradiovi.hu\/wp-content\/uploads\/2025\/02\/470222806_9629058640446495_6920620546711803970_n-768x576.jpg 768w\" sizes=\"auto, (max-width: 720px) 100vw, 720px\" \/><\/a><\/p>\n<p><a href=\"http:\/\/www.aradiovi.hu\/wp-content\/uploads\/2025\/02\/470233879_28150442361236746_3458325537066329655_n.jpg\"><img loading=\"lazy\" decoding=\"async\" class=\"aligncenter size-large wp-image-2778\" src=\"http:\/\/www.aradiovi.hu\/wp-content\/uploads\/2025\/02\/470233879_28150442361236746_3458325537066329655_n-768x1024.jpg\" alt=\"\" width=\"720\" height=\"960\" srcset=\"https:\/\/aradiovi.hu\/wp-content\/uploads\/2025\/02\/470233879_28150442361236746_3458325537066329655_n-768x1024.jpg 768w, https:\/\/aradiovi.hu\/wp-content\/uploads\/2025\/02\/470233879_28150442361236746_3458325537066329655_n-225x300.jpg 225w, https:\/\/aradiovi.hu\/wp-content\/uploads\/2025\/02\/470233879_28150442361236746_3458325537066329655_n.jpg 1125w\" sizes=\"auto, (max-width: 720px) 100vw, 720px\" \/><\/a><\/p>\n<p><a href=\"http:\/\/www.aradiovi.hu\/wp-content\/uploads\/2025\/02\/470220080_28150442801236702_7437812758451028345_n.jpg\"><img loading=\"lazy\" decoding=\"async\" class=\"aligncenter size-large wp-image-2775\" src=\"http:\/\/www.aradiovi.hu\/wp-content\/uploads\/2025\/02\/470220080_28150442801236702_7437812758451028345_n-1024x768.jpg\" alt=\"\" width=\"720\" height=\"540\" srcset=\"https:\/\/aradiovi.hu\/wp-content\/uploads\/2025\/02\/470220080_28150442801236702_7437812758451028345_n-1024x768.jpg 1024w, https:\/\/aradiovi.hu\/wp-content\/uploads\/2025\/02\/470220080_28150442801236702_7437812758451028345_n-300x225.jpg 300w, https:\/\/aradiovi.hu\/wp-content\/uploads\/2025\/02\/470220080_28150442801236702_7437812758451028345_n-768x576.jpg 768w, https:\/\/aradiovi.hu\/wp-content\/uploads\/2025\/02\/470220080_28150442801236702_7437812758451028345_n.jpg 1500w\" sizes=\"auto, (max-width: 720px) 100vw, 720px\" \/><\/a><\/p>\n<p><a href=\"http:\/\/www.aradiovi.hu\/wp-content\/uploads\/2025\/02\/470082549_28150443807903268_5370627744150586779_nm.jpg\"><img loading=\"lazy\" decoding=\"async\" class=\"aligncenter size-large wp-image-2763\" src=\"http:\/\/www.aradiovi.hu\/wp-content\/uploads\/2025\/02\/470082549_28150443807903268_5370627744150586779_nm-1024x768.jpg\" alt=\"\" width=\"720\" height=\"540\" srcset=\"https:\/\/aradiovi.hu\/wp-content\/uploads\/2025\/02\/470082549_28150443807903268_5370627744150586779_nm-1024x768.jpg 1024w, https:\/\/aradiovi.hu\/wp-content\/uploads\/2025\/02\/470082549_28150443807903268_5370627744150586779_nm-300x225.jpg 300w, https:\/\/aradiovi.hu\/wp-content\/uploads\/2025\/02\/470082549_28150443807903268_5370627744150586779_nm-768x576.jpg 768w, https:\/\/aradiovi.hu\/wp-content\/uploads\/2025\/02\/470082549_28150443807903268_5370627744150586779_nm.jpg 1500w\" sizes=\"auto, (max-width: 720px) 100vw, 720px\" \/><\/a><\/p>\n","protected":false},"excerpt":{"rendered":"<p>&nbsp;<\/p>\n","protected":false},"author":1,"featured_media":0,"parent":0,"menu_order":0,"comment_status":"closed","ping_status":"closed","template":"","meta":{"footnotes":""},"class_list":["post-2741","page","type-page","status-publish","hentry"],"_links":{"self":[{"href":"https:\/\/aradiovi.hu\/index.php?rest_route=\/wp\/v2\/pages\/2741","targetHints":{"allow":["GET"]}}],"collection":[{"href":"https:\/\/aradiovi.hu\/index.php?rest_route=\/wp\/v2\/pages"}],"about":[{"href":"https:\/\/aradiovi.hu\/index.php?rest_route=\/wp\/v2\/types\/page"}],"author":[{"embeddable":true,"href":"https:\/\/aradiovi.hu\/index.php?rest_route=\/wp\/v2\/users\/1"}],"replies":[{"embeddable":true,"href":"https:\/\/aradiovi.hu\/index.php?rest_route=%2Fwp%2Fv2%2Fcomments&post=2741"}],"version-history":[{"count":2,"href":"https:\/\/aradiovi.hu\/index.php?rest_route=\/wp\/v2\/pages\/2741\/revisions"}],"predecessor-version":[{"id":2781,"href":"https:\/\/aradiovi.hu\/index.php?rest_route=\/wp\/v2\/pages\/2741\/revisions\/2781"}],"wp:attachment":[{"href":"https:\/\/aradiovi.hu\/index.php?rest_route=%2Fwp%2Fv2%2Fmedia&parent=2741"}],"curies":[{"name":"wp","href":"https:\/\/api.w.org\/{rel}","templated":true}]}}