{"id":2970,"date":"2025-09-18T19:52:08","date_gmt":"2025-09-18T19:52:08","guid":{"rendered":"http:\/\/www.aradiovi.hu\/?page_id=2970"},"modified":"2025-09-18T21:28:33","modified_gmt":"2025-09-18T21:28:33","slug":"itt-van-az-osz-itt-van-ujra","status":"publish","type":"page","link":"https:\/\/aradiovi.hu\/?page_id=2970","title":{"rendered":"Itt van az \u0151sz, itt van \u00fajra&#8230;"},"content":{"rendered":"<p>Ez pedig a gyerekeknek \u00e9s sz\u00fcleiknek (no, meg a pedag\u00f3gusoknak is) egyet jelent a tan\u00e9v, az \u00f3voda, az iskola kezdet\u00e9vel. V\u00e9ge a ny\u00e1ri nagy strandol\u00e1soknak, a v\u00e9gtelens\u00e9gig h\u00faz\u00f3d\u00f3 homokoz\u00e1soknak a j\u00e1tsz\u00f3t\u00e9ren, a kinti piknikez\u00e9seknek. V\u00e9ge annak a nagyobb mozg\u00e1steret enged\u0151 szabads\u00e1gnak, amit a ny\u00e1ri vak\u00e1ci\u00f3 minduntalan mag\u00e1val hoz.<\/p>\n<p><a href=\"http:\/\/www.aradiovi.hu\/wp-content\/uploads\/2025\/09\/osz.jpg\"><img loading=\"lazy\" decoding=\"async\" class=\"aligncenter size-full wp-image-2982\" src=\"http:\/\/www.aradiovi.hu\/wp-content\/uploads\/2025\/09\/osz.jpg\" alt=\"\" width=\"500\" height=\"333\" srcset=\"https:\/\/aradiovi.hu\/wp-content\/uploads\/2025\/09\/osz.jpg 500w, https:\/\/aradiovi.hu\/wp-content\/uploads\/2025\/09\/osz-300x200.jpg 300w\" sizes=\"auto, (max-width: 500px) 100vw, 500px\" \/><\/a><\/p>\n<p>&nbsp;<\/p>\n<p>Feln\u0151ttk\u00e9nt sem egyszer\u0171 a v\u00e1lt\u00e1s, de higgy\u00fck el, gyerekk\u00e9nt legal\u00e1bb annyira nem. M\u00e9g akkor sem, ha a gyermek\u00fcnk nem az iskol\u00e1ba, hanem a sokkal \u201elaz\u00e1bb\u201d \u00f3vod\u00e1ba cs\u00f6ppen vissza, ahol \u2013 feln\u0151ttk\u00e9nt tal\u00e1n hajlamosak vagyunk ezt gondolni &#8211; nincs m\u00e1s dolga, mint j\u00e1tszani eg\u00e9sz nap. Pedig a j\u00e1t\u00e9k \u201ekomoly dolog\u201d, az \u00f3voda pedig kih\u00edv\u00e1s. Az otthonit\u00f3l elt\u00e9r\u0151 szok\u00e1s- \u00e9s szab\u00e1lyrendszerhez, k\u00fcl\u00f6nf\u00e9le feln\u0151ttekhez \u00e9s gyerekekhez egyar\u00e1nt alkalmazkod\u00e1st k\u00f6vetel, \u00e9s r\u00e1ad\u00e1snak m\u00e9g a krumplip\u00fcr\u00e9 is eg\u00e9szen m\u00e1s \u00edz\u0171. El\u00e9g ez egy h\u00e1rom\u00e9vesnek (vagy \u00f6tnek).<\/p>\n<p>A k\u00f6nnyedebb ritmus hely\u00e9t egy feszesebb temp\u00f3 veszi \u00e1t. Ideje van ugyanis a felkel\u00e9snek, a fel\u00f6lt\u00f6zk\u00f6d\u00e9snek, a feladatoknak. Ezt pedig a szabad j\u00e1t\u00e9k szokta megs\u00ednyleni. Mi t\u00f6rt\u00e9nik ilyenkor? Gyereke v\u00e1logatja. Ny\u0171g\u00f6ss\u00e9 v\u00e1lik? Hisztizni kezd? Begub\u00f3zik \u00e9s elcsendes\u00fcl? Net\u00e1n n\u00e9ha odacsap, pedig kor\u00e1bban nem volt r\u00e1 jellemz\u0151? Elkezd valami olyat nem tudni, ami kor\u00e1bban pedig m\u00e1r ment neki?<\/p>\n<p>A gyerekek sokf\u00e9lek\u00e9ppen reag\u00e1lnak arra, ha valami nem j\u00f3 nekik. Kifejezni legt\u00f6bbsz\u00f6r szavakkal nem tudj\u00e1k, hanem ezt a fentebb eml\u00edtett, m\u00e1sf\u00e9le nyelvet haszn\u00e1lj\u00e1k annak a kifejez\u00e9s\u00e9re, hogy \u201eBaj van. Nem vagyok j\u00f3l.\u201d<\/p>\n<p>Feln\u0151ttk\u00e9nt az a feladatunk, hogy figyelj\u00fcnk az ilyen jelz\u00e9sekre, \u00e9s m\u00e9g ha a pontos okot nem is \u00e9rtj\u00fck, legy\u00fcnk el\u00e9rhet\u0151ek a gyermek\u00fcnk sz\u00e1m\u00e1ra. Simogassuk, \u00f6lelgess\u00fck t\u00f6bbet (ha ez j\u00f3l esik neki)! Fogadjuk el, ha ideiglenesen \u201ebab\u00e1sabban\u201d viselkedik (persze, ha ez hosszasan fenn\u00e1ll, \u00e9rdemes szakemberhez fordulni)! Legy\u00fcnk sokat a term\u00e9szetben, a szabad leveg\u0151n, mozogjunk! \u00c9s mindenekel\u0151tt: j\u00e1tsszunk egy\u00fctt!<\/p>\n<p>A j\u00e1t\u00e9k ugyanis nem \u201ecsak\u201d j\u00e1t\u00e9k. Ez a gyermek legsokr\u00e9t\u0171bb eszk\u00f6ze. Eszk\u00f6ze az \u00f6nkifejez\u00e9snek \u00e9s a kreativit\u00e1snak, az \u00e9rzelmek kifejez\u00e9s\u00e9nek, az ingerek \u00e9s esem\u00e9nyek feldolgoz\u00e1s\u00e1nak. A j\u00e1t\u00e9k a gyerek \u201eanyanyelve\u201d. Az a m\u00f3d, ahogyan a legjobban meg tudja mutatni az \u0151 bels\u0151 vil\u00e1g\u00e1t. \u00c9s persze a j\u00e1t\u00e9k j\u00e1t\u00e9k. Sz\u00f3rakoz\u00e1s, kikapcsol\u00f3d\u00e1s, humor. Egy tev\u00e9kenys\u00e9g, ami felt\u00f6lt \u00e9s energiz\u00e1l.<\/p>\n<p>\u00dagyhogy ha az \u00e9v eleji hajr\u00e1ban a gyerek\u00fcnk lef\u00e1rad, elkedvetlenedik vagy t\u0151le nem megszokottan kezd viselkedni, el\u0151sz\u00f6r is szeretgess\u00fck meg, azt\u00e1n pedig j\u00e1tsszunk!<\/p>\n<p>\u2026\u00c9s a v\u00e9g\u00e9n m\u00e9g az is lehet, hogy nem csak \u0151, hanem mi is felt\u00f6lt\u0151d\u00fcnk. (Az meg az \u00e9v eleji hajr\u00e1ban r\u00e1nk is eg\u00e9sz biztosan r\u00e1nk f\u00e9r.)<\/p>\n<p>J\u00f3 \u00e9vkezd\u00e9st mindenkinek!<\/p>\n<p>Andr\u00e1s-Simk\u00f3 Zs\u00f3fia<br \/>\n\u00f3vodapszichol\u00f3gus<\/p>\n","protected":false},"excerpt":{"rendered":"<p>Ez pedig a gyerekeknek \u00e9s sz\u00fcleiknek (no, meg a pedag\u00f3gusoknak is) egyet jelent a tan\u00e9v, az \u00f3voda, az iskola kezdet\u00e9vel. V\u00e9ge a ny\u00e1ri nagy strandol\u00e1soknak, a v\u00e9gtelens\u00e9gig h\u00faz\u00f3d\u00f3 homokoz\u00e1soknak a j\u00e1tsz\u00f3t\u00e9ren, a kinti piknikez\u00e9seknek. V\u00e9ge annak a nagyobb mozg\u00e1steret enged\u0151<\/p>\n","protected":false},"author":1,"featured_media":0,"parent":0,"menu_order":0,"comment_status":"closed","ping_status":"closed","template":"","meta":{"footnotes":""},"class_list":["post-2970","page","type-page","status-publish","hentry"],"_links":{"self":[{"href":"https:\/\/aradiovi.hu\/index.php?rest_route=\/wp\/v2\/pages\/2970","targetHints":{"allow":["GET"]}}],"collection":[{"href":"https:\/\/aradiovi.hu\/index.php?rest_route=\/wp\/v2\/pages"}],"about":[{"href":"https:\/\/aradiovi.hu\/index.php?rest_route=\/wp\/v2\/types\/page"}],"author":[{"embeddable":true,"href":"https:\/\/aradiovi.hu\/index.php?rest_route=\/wp\/v2\/users\/1"}],"replies":[{"embeddable":true,"href":"https:\/\/aradiovi.hu\/index.php?rest_route=%2Fwp%2Fv2%2Fcomments&post=2970"}],"version-history":[{"count":2,"href":"https:\/\/aradiovi.hu\/index.php?rest_route=\/wp\/v2\/pages\/2970\/revisions"}],"predecessor-version":[{"id":2983,"href":"https:\/\/aradiovi.hu\/index.php?rest_route=\/wp\/v2\/pages\/2970\/revisions\/2983"}],"wp:attachment":[{"href":"https:\/\/aradiovi.hu\/index.php?rest_route=%2Fwp%2Fv2%2Fmedia&parent=2970"}],"curies":[{"name":"wp","href":"https:\/\/api.w.org\/{rel}","templated":true}]}}