{"id":3010,"date":"2025-10-19T22:27:42","date_gmt":"2025-10-19T22:27:42","guid":{"rendered":"http:\/\/www.aradiovi.hu\/?page_id=3010"},"modified":"2025-10-19T22:27:42","modified_gmt":"2025-10-19T22:27:42","slug":"alma-nap-2025","status":"publish","type":"page","link":"https:\/\/aradiovi.hu\/?page_id=3010","title":{"rendered":"Alma nap 2025"},"content":{"rendered":"<p>Hangulatmorzs\u00e1k az Alma het\u00fcnkr\u0151l, \u00e9s a hetet megkoron\u00e1z\u00f3 Alma napr\u00f3l.<\/p>\n<p>&nbsp;<\/p>\n<p><iframe loading=\"lazy\" width=\"720\" height=\"405\" src=\"https:\/\/www.youtube.com\/embed\/yntPulMNM_Q?feature=oembed\" frameborder=\"0\" allow=\"accelerometer; autoplay; clipboard-write; encrypted-media; gyroscope; picture-in-picture; web-share\" referrerpolicy=\"strict-origin-when-cross-origin\" allowfullscreen title=\"Almanap 2025\"><\/iframe><\/p>\n","protected":false},"excerpt":{"rendered":"<p>Hangulatmorzs\u00e1k az Alma het\u00fcnkr\u0151l, \u00e9s a hetet megkoron\u00e1z\u00f3 Alma napr\u00f3l. &nbsp;<\/p>\n","protected":false},"author":1,"featured_media":0,"parent":0,"menu_order":0,"comment_status":"closed","ping_status":"closed","template":"","meta":{"footnotes":""},"class_list":["post-3010","page","type-page","status-publish","hentry"],"_links":{"self":[{"href":"https:\/\/aradiovi.hu\/index.php?rest_route=\/wp\/v2\/pages\/3010","targetHints":{"allow":["GET"]}}],"collection":[{"href":"https:\/\/aradiovi.hu\/index.php?rest_route=\/wp\/v2\/pages"}],"about":[{"href":"https:\/\/aradiovi.hu\/index.php?rest_route=\/wp\/v2\/types\/page"}],"author":[{"embeddable":true,"href":"https:\/\/aradiovi.hu\/index.php?rest_route=\/wp\/v2\/users\/1"}],"replies":[{"embeddable":true,"href":"https:\/\/aradiovi.hu\/index.php?rest_route=%2Fwp%2Fv2%2Fcomments&post=3010"}],"version-history":[{"count":1,"href":"https:\/\/aradiovi.hu\/index.php?rest_route=\/wp\/v2\/pages\/3010\/revisions"}],"predecessor-version":[{"id":3012,"href":"https:\/\/aradiovi.hu\/index.php?rest_route=\/wp\/v2\/pages\/3010\/revisions\/3012"}],"wp:attachment":[{"href":"https:\/\/aradiovi.hu\/index.php?rest_route=%2Fwp%2Fv2%2Fmedia&parent=3010"}],"curies":[{"name":"wp","href":"https:\/\/api.w.org\/{rel}","templated":true}]}}