{"id":3229,"date":"2026-03-27T23:00:26","date_gmt":"2026-03-27T23:00:26","guid":{"rendered":"https:\/\/aradiovi.hu\/?page_id=3229"},"modified":"2026-03-27T23:04:12","modified_gmt":"2026-03-27T23:04:12","slug":"palantat-az-oviba-palyazati-munka","status":"publish","type":"page","link":"https:\/\/aradiovi.hu\/?page_id=3229","title":{"rendered":"Pal\u00e1nt\u00e1t az oviba &#8211; p\u00e1ly\u00e1zati munka"},"content":{"rendered":"\n<figure class=\"wp-block-gallery has-nested-images columns-default is-cropped wp-block-gallery-1 is-layout-flex wp-block-gallery-is-layout-flex\">\n\n\n<figure class=\"wp-block-image size-large\"><img loading=\"lazy\" decoding=\"async\" width=\"1024\" height=\"768\" data-id=\"3230\" src=\"https:\/\/aradiovi.hu\/wp-content\/uploads\/2026\/03\/2af2e05f-4065-4482-84a3-1b7d23906024-1024x768.jpg\" alt=\"\" class=\"wp-image-3230\" srcset=\"https:\/\/aradiovi.hu\/wp-content\/uploads\/2026\/03\/2af2e05f-4065-4482-84a3-1b7d23906024-1024x768.jpg 1024w, https:\/\/aradiovi.hu\/wp-content\/uploads\/2026\/03\/2af2e05f-4065-4482-84a3-1b7d23906024-300x225.jpg 300w, https:\/\/aradiovi.hu\/wp-content\/uploads\/2026\/03\/2af2e05f-4065-4482-84a3-1b7d23906024-768x576.jpg 768w, https:\/\/aradiovi.hu\/wp-content\/uploads\/2026\/03\/2af2e05f-4065-4482-84a3-1b7d23906024-1536x1152.jpg 1536w, https:\/\/aradiovi.hu\/wp-content\/uploads\/2026\/03\/2af2e05f-4065-4482-84a3-1b7d23906024.jpg 2048w\" sizes=\"auto, (max-width: 1024px) 100vw, 1024px\" \/><\/figure>\n\n\n\n\n\n\n\n\n\n\n\n\n\n<figure class=\"wp-block-image size-large\"><img loading=\"lazy\" decoding=\"async\" width=\"1024\" height=\"768\" data-id=\"3231\" src=\"https:\/\/aradiovi.hu\/wp-content\/uploads\/2026\/03\/e184f64f-e3be-4d39-9198-ef6d84fc8e07-1024x768.jpg\" alt=\"\" class=\"wp-image-3231\" srcset=\"https:\/\/aradiovi.hu\/wp-content\/uploads\/2026\/03\/e184f64f-e3be-4d39-9198-ef6d84fc8e07-1024x768.jpg 1024w, https:\/\/aradiovi.hu\/wp-content\/uploads\/2026\/03\/e184f64f-e3be-4d39-9198-ef6d84fc8e07-300x225.jpg 300w, https:\/\/aradiovi.hu\/wp-content\/uploads\/2026\/03\/e184f64f-e3be-4d39-9198-ef6d84fc8e07-768x576.jpg 768w, https:\/\/aradiovi.hu\/wp-content\/uploads\/2026\/03\/e184f64f-e3be-4d39-9198-ef6d84fc8e07-1536x1152.jpg 1536w, https:\/\/aradiovi.hu\/wp-content\/uploads\/2026\/03\/e184f64f-e3be-4d39-9198-ef6d84fc8e07.jpg 2048w\" sizes=\"auto, (max-width: 1024px) 100vw, 1024px\" \/><\/figure>\n\n\n<\/figure>\n\n\n<p>Az Eatrend Magyarorsz\u00e1g F\u00f6ld napi p\u00e1ly\u00e1zat\u00e1ra k\u00e9sz\u00fclt p\u00e1lyamunk\u00e1nk a Holdf\u00e9ny csoportos \u00f3v\u00f3n\u00e9nik \u00e9s gyerekek kez\u00e9nek munk\u00e1j\u00e1t dics\u00e9ri!<\/p>","protected":false},"excerpt":{"rendered":"<p>Az Eatrend Magyarorsz\u00e1g F\u00f6ld napi p\u00e1ly\u00e1zat\u00e1ra k\u00e9sz\u00fclt p\u00e1lyamunk\u00e1nk a Holdf\u00e9ny csoportos \u00f3v\u00f3n\u00e9nik \u00e9s gyerekek kez\u00e9nek munk\u00e1j\u00e1t dics\u00e9ri!<\/p>\n","protected":false},"author":1,"featured_media":0,"parent":0,"menu_order":0,"comment_status":"closed","ping_status":"closed","template":"","meta":{"footnotes":""},"class_list":["post-3229","page","type-page","status-publish","hentry"],"_links":{"self":[{"href":"https:\/\/aradiovi.hu\/index.php?rest_route=\/wp\/v2\/pages\/3229","targetHints":{"allow":["GET"]}}],"collection":[{"href":"https:\/\/aradiovi.hu\/index.php?rest_route=\/wp\/v2\/pages"}],"about":[{"href":"https:\/\/aradiovi.hu\/index.php?rest_route=\/wp\/v2\/types\/page"}],"author":[{"embeddable":true,"href":"https:\/\/aradiovi.hu\/index.php?rest_route=\/wp\/v2\/users\/1"}],"replies":[{"embeddable":true,"href":"https:\/\/aradiovi.hu\/index.php?rest_route=%2Fwp%2Fv2%2Fcomments&post=3229"}],"version-history":[{"count":2,"href":"https:\/\/aradiovi.hu\/index.php?rest_route=\/wp\/v2\/pages\/3229\/revisions"}],"predecessor-version":[{"id":3235,"href":"https:\/\/aradiovi.hu\/index.php?rest_route=\/wp\/v2\/pages\/3229\/revisions\/3235"}],"wp:attachment":[{"href":"https:\/\/aradiovi.hu\/index.php?rest_route=%2Fwp%2Fv2%2Fmedia&parent=3229"}],"curies":[{"name":"wp","href":"https:\/\/api.w.org\/{rel}","templated":true}]}}