{"id":581,"date":"2017-03-14T20:30:34","date_gmt":"2017-03-14T20:30:34","guid":{"rendered":"http:\/\/www.aradiovi.hu\/?page_id=581"},"modified":"2017-03-14T20:30:34","modified_gmt":"2017-03-14T20:30:34","slug":"csoportjaink-onallo-programjai","status":"publish","type":"page","link":"https:\/\/aradiovi.hu\/?page_id=581","title":{"rendered":"Csoportjaink \u00f6n\u00e1ll\u00f3 programjai"},"content":{"rendered":"<p>S\u00fcnik\u00e9k a H\u0151s\u00f6k ter\u00e9n, m\u00e1rc.15<\/p>\n<div id='gallery-1' class='gallery galleryid-581 gallery-columns-4 gallery-size-medium'><figure class='gallery-item'>\n\t\t\t<div class='gallery-icon landscape'>\n\t\t\t\t<a href='https:\/\/aradiovi.hu\/?attachment_id=582'><img loading=\"lazy\" decoding=\"async\" width=\"300\" height=\"169\" src=\"https:\/\/aradiovi.hu\/wp-content\/uploads\/2017\/03\/1-300x169.jpg\" class=\"attachment-medium size-medium\" alt=\"\" srcset=\"https:\/\/aradiovi.hu\/wp-content\/uploads\/2017\/03\/1-300x169.jpg 300w, https:\/\/aradiovi.hu\/wp-content\/uploads\/2017\/03\/1-768x432.jpg 768w, https:\/\/aradiovi.hu\/wp-content\/uploads\/2017\/03\/1.jpg 1000w\" sizes=\"auto, (max-width: 300px) 100vw, 300px\" \/><\/a>\n\t\t\t<\/div><\/figure><figure class='gallery-item'>\n\t\t\t<div class='gallery-icon landscape'>\n\t\t\t\t<a href='https:\/\/aradiovi.hu\/?attachment_id=583'><img loading=\"lazy\" decoding=\"async\" width=\"300\" height=\"169\" src=\"https:\/\/aradiovi.hu\/wp-content\/uploads\/2017\/03\/2-300x169.jpg\" class=\"attachment-medium size-medium\" alt=\"\" srcset=\"https:\/\/aradiovi.hu\/wp-content\/uploads\/2017\/03\/2-300x169.jpg 300w, https:\/\/aradiovi.hu\/wp-content\/uploads\/2017\/03\/2-768x432.jpg 768w, https:\/\/aradiovi.hu\/wp-content\/uploads\/2017\/03\/2.jpg 1000w\" sizes=\"auto, (max-width: 300px) 100vw, 300px\" \/><\/a>\n\t\t\t<\/div><\/figure><figure class='gallery-item'>\n\t\t\t<div class='gallery-icon landscape'>\n\t\t\t\t<a href='https:\/\/aradiovi.hu\/?attachment_id=584'><img loading=\"lazy\" decoding=\"async\" width=\"300\" height=\"169\" src=\"https:\/\/aradiovi.hu\/wp-content\/uploads\/2017\/03\/3-300x169.jpg\" class=\"attachment-medium size-medium\" alt=\"\" srcset=\"https:\/\/aradiovi.hu\/wp-content\/uploads\/2017\/03\/3-300x169.jpg 300w, https:\/\/aradiovi.hu\/wp-content\/uploads\/2017\/03\/3-768x432.jpg 768w, https:\/\/aradiovi.hu\/wp-content\/uploads\/2017\/03\/3.jpg 1000w\" sizes=\"auto, (max-width: 300px) 100vw, 300px\" \/><\/a>\n\t\t\t<\/div><\/figure><figure class='gallery-item'>\n\t\t\t<div class='gallery-icon landscape'>\n\t\t\t\t<a href='https:\/\/aradiovi.hu\/?attachment_id=585'><img loading=\"lazy\" decoding=\"async\" width=\"300\" height=\"169\" src=\"https:\/\/aradiovi.hu\/wp-content\/uploads\/2017\/03\/4-300x169.jpg\" class=\"attachment-medium size-medium\" alt=\"\" srcset=\"https:\/\/aradiovi.hu\/wp-content\/uploads\/2017\/03\/4-300x169.jpg 300w, https:\/\/aradiovi.hu\/wp-content\/uploads\/2017\/03\/4-768x432.jpg 768w, https:\/\/aradiovi.hu\/wp-content\/uploads\/2017\/03\/4.jpg 1000w\" sizes=\"auto, (max-width: 300px) 100vw, 300px\" \/><\/a>\n\t\t\t<\/div><\/figure>\n\t\t<\/div>\n\n","protected":false},"excerpt":{"rendered":"<p>S\u00fcnik\u00e9k a H\u0151s\u00f6k ter\u00e9n, m\u00e1rc.15<\/p>\n","protected":false},"author":1,"featured_media":0,"parent":0,"menu_order":0,"comment_status":"closed","ping_status":"closed","template":"","meta":{"footnotes":""},"class_list":["post-581","page","type-page","status-publish","hentry"],"_links":{"self":[{"href":"https:\/\/aradiovi.hu\/index.php?rest_route=\/wp\/v2\/pages\/581","targetHints":{"allow":["GET"]}}],"collection":[{"href":"https:\/\/aradiovi.hu\/index.php?rest_route=\/wp\/v2\/pages"}],"about":[{"href":"https:\/\/aradiovi.hu\/index.php?rest_route=\/wp\/v2\/types\/page"}],"author":[{"embeddable":true,"href":"https:\/\/aradiovi.hu\/index.php?rest_route=\/wp\/v2\/users\/1"}],"replies":[{"embeddable":true,"href":"https:\/\/aradiovi.hu\/index.php?rest_route=%2Fwp%2Fv2%2Fcomments&post=581"}],"version-history":[{"count":1,"href":"https:\/\/aradiovi.hu\/index.php?rest_route=\/wp\/v2\/pages\/581\/revisions"}],"predecessor-version":[{"id":587,"href":"https:\/\/aradiovi.hu\/index.php?rest_route=\/wp\/v2\/pages\/581\/revisions\/587"}],"wp:attachment":[{"href":"https:\/\/aradiovi.hu\/index.php?rest_route=%2Fwp%2Fv2%2Fmedia&parent=581"}],"curies":[{"name":"wp","href":"https:\/\/api.w.org\/{rel}","templated":true}]}}