{"id":847,"date":"2018-02-11T22:03:45","date_gmt":"2018-02-11T22:03:45","guid":{"rendered":"http:\/\/www.aradiovi.hu\/?page_id=847"},"modified":"2018-03-22T13:36:25","modified_gmt":"2018-03-22T13:36:25","slug":"847-2","status":"publish","type":"page","link":"https:\/\/aradiovi.hu\/?page_id=847","title":{"rendered":"Csoportk\u00e9pek 2017\/2018-as nevel\u00e9si \u00e9v"},"content":{"rendered":"<p><a href=\"http:\/\/www.aradiovi.hu\/wp-content\/uploads\/2018\/02\/29003660_1860625280635043_758269881_n.jpg\"><img loading=\"lazy\" decoding=\"async\" class=\"alignnone size-thumbnail wp-image-902\" src=\"http:\/\/www.aradiovi.hu\/wp-content\/uploads\/2018\/02\/29003660_1860625280635043_758269881_n-150x150.jpg\" alt=\"\" width=\"150\" height=\"150\" srcset=\"https:\/\/aradiovi.hu\/wp-content\/uploads\/2018\/02\/29003660_1860625280635043_758269881_n-150x150.jpg 150w, https:\/\/aradiovi.hu\/wp-content\/uploads\/2018\/02\/29003660_1860625280635043_758269881_n-230x230.jpg 230w, https:\/\/aradiovi.hu\/wp-content\/uploads\/2018\/02\/29003660_1860625280635043_758269881_n-365x365.jpg 365w\" sizes=\"auto, (max-width: 150px) 100vw, 150px\" \/><\/a><\/p>\n<p>Hintapaci csoport<\/p>\n<div id='gallery-1' class='gallery galleryid-847 gallery-columns-3 gallery-size-medium'><figure class='gallery-item'>\n\t\t\t<div class='gallery-icon landscape'>\n\t\t\t\t<a href='https:\/\/aradiovi.hu\/?attachment_id=849'><img loading=\"lazy\" decoding=\"async\" width=\"300\" height=\"200\" src=\"https:\/\/aradiovi.hu\/wp-content\/uploads\/2018\/02\/ARO501-300x200.jpg\" class=\"attachment-medium size-medium\" alt=\"\" aria-describedby=\"gallery-1-849\" srcset=\"https:\/\/aradiovi.hu\/wp-content\/uploads\/2018\/02\/ARO501-300x200.jpg 300w, https:\/\/aradiovi.hu\/wp-content\/uploads\/2018\/02\/ARO501-768x512.jpg 768w, https:\/\/aradiovi.hu\/wp-content\/uploads\/2018\/02\/ARO501-1024x683.jpg 1024w\" sizes=\"auto, (max-width: 300px) 100vw, 300px\" \/><\/a>\n\t\t\t<\/div>\n\t\t\t\t<figcaption class='wp-caption-text gallery-caption' id='gallery-1-849'>\n\t\t\t\tSz\u00e1zl\u00e1b\u00fa csoport\n\t\t\t\t<\/figcaption><\/figure><figure class='gallery-item'>\n\t\t\t<div class='gallery-icon landscape'>\n\t\t\t\t<a href='https:\/\/aradiovi.hu\/?attachment_id=848'><img loading=\"lazy\" decoding=\"async\" width=\"300\" height=\"200\" src=\"https:\/\/aradiovi.hu\/wp-content\/uploads\/2018\/02\/ARO301-300x200.jpg\" class=\"attachment-medium size-medium\" alt=\"\" aria-describedby=\"gallery-1-848\" srcset=\"https:\/\/aradiovi.hu\/wp-content\/uploads\/2018\/02\/ARO301-300x200.jpg 300w, https:\/\/aradiovi.hu\/wp-content\/uploads\/2018\/02\/ARO301-768x512.jpg 768w, https:\/\/aradiovi.hu\/wp-content\/uploads\/2018\/02\/ARO301-1024x683.jpg 1024w\" sizes=\"auto, (max-width: 300px) 100vw, 300px\" \/><\/a>\n\t\t\t<\/div>\n\t\t\t\t<figcaption class='wp-caption-text gallery-caption' id='gallery-1-848'>\n\t\t\t\tKisvakond csoport\n\t\t\t\t<\/figcaption><\/figure>\n\t\t<\/div>\n\n","protected":false},"excerpt":{"rendered":"<p>Hintapaci csoport<\/p>\n","protected":false},"author":1,"featured_media":0,"parent":0,"menu_order":0,"comment_status":"closed","ping_status":"closed","template":"","meta":{"footnotes":""},"class_list":["post-847","page","type-page","status-publish","hentry"],"_links":{"self":[{"href":"https:\/\/aradiovi.hu\/index.php?rest_route=\/wp\/v2\/pages\/847","targetHints":{"allow":["GET"]}}],"collection":[{"href":"https:\/\/aradiovi.hu\/index.php?rest_route=\/wp\/v2\/pages"}],"about":[{"href":"https:\/\/aradiovi.hu\/index.php?rest_route=\/wp\/v2\/types\/page"}],"author":[{"embeddable":true,"href":"https:\/\/aradiovi.hu\/index.php?rest_route=\/wp\/v2\/users\/1"}],"replies":[{"embeddable":true,"href":"https:\/\/aradiovi.hu\/index.php?rest_route=%2Fwp%2Fv2%2Fcomments&post=847"}],"version-history":[{"count":3,"href":"https:\/\/aradiovi.hu\/index.php?rest_route=\/wp\/v2\/pages\/847\/revisions"}],"predecessor-version":[{"id":903,"href":"https:\/\/aradiovi.hu\/index.php?rest_route=\/wp\/v2\/pages\/847\/revisions\/903"}],"wp:attachment":[{"href":"https:\/\/aradiovi.hu\/index.php?rest_route=%2Fwp%2Fv2%2Fmedia&parent=847"}],"curies":[{"name":"wp","href":"https:\/\/api.w.org\/{rel}","templated":true}]}}